{"id":12,"date":"2023-11-14T21:42:35","date_gmt":"2023-11-14T20:42:35","guid":{"rendered":"https:\/\/www.mauracomo.it\/?page_id=12"},"modified":"2024-01-18T16:17:05","modified_gmt":"2024-01-18T15:17:05","slug":"mindfulness","status":"publish","type":"page","link":"https:\/\/www.mauracomo.it\/index.php\/mindfulness\/","title":{"rendered":"Mindfulness"},"content":{"rendered":"\t\t<div data-elementor-type=\"wp-page\" data-elementor-id=\"12\" class=\"elementor elementor-12\">\n\t\t\t\t<div class=\"elementor-element elementor-element-1b28df8 e-flex e-con-boxed e-con e-parent\" data-id=\"1b28df8\" data-element_type=\"container\">\n\t\t\t\t\t<div class=\"e-con-inner\">\n\t\t\t\t<div class=\"elementor-element elementor-element-114d346 elementor-widget-divider--view-line_text elementor-widget-divider--element-align-center elementor-widget elementor-widget-divider\" data-id=\"114d346\" data-element_type=\"widget\" data-widget_type=\"divider.default\">\n\t\t\t\t<div class=\"elementor-widget-container\">\n\t\t\t\t\t\t\t<div class=\"elementor-divider\">\n\t\t\t<span class=\"elementor-divider-separator\">\n\t\t\t\t\t\t\t<h3 class=\"elementor-divider__text elementor-divider__element\">\n\t\t\t\tCOS'\u00c8 LA MINDFULNESS\t\t\t\t<\/h3>\n\t\t\t\t\t\t<\/span>\n\t\t<\/div>\n\t\t\t\t\t\t<\/div>\n\t\t\t\t<\/div>\n\t\t\t\t\t<\/div>\n\t\t\t\t<\/div>\n\t\t<div class=\"elementor-element elementor-element-08cc632 e-flex e-con-boxed e-con e-parent\" data-id=\"08cc632\" data-element_type=\"container\">\n\t\t\t\t\t<div class=\"e-con-inner\">\n\t\t<div class=\"elementor-element elementor-element-34d5fdc e-con-full e-flex e-con e-child\" data-id=\"34d5fdc\" data-element_type=\"container\">\n\t\t\t\t<div class=\"elementor-element elementor-element-2b793bc elementor-widget elementor-widget-text-editor\" data-id=\"2b793bc\" data-element_type=\"widget\" data-widget_type=\"text-editor.default\">\n\t\t\t\t<div class=\"elementor-widget-container\">\n\t\t\t\t\t\t\t\t\t<p style=\"text-align: justify;\"><span style=\"color: #000000;\">La Mindfulness \u00e8 una forma laica della meditazione di consapevolezza, che deriva dalle antiche tradizioni buddiste orientali.\u00a0 Mindfulness si riferisce alla capacit\u00e0 umana di essere attenti alla propria esperienza con saggezza, una capacit\u00e0 che tutti abbiamo, occorre solo ritrovarla. E coltivarla.<\/span><\/p>\t\t\t\t\t\t\t\t<\/div>\n\t\t\t\t<\/div>\n\t\t\t\t<\/div>\n\t\t<div class=\"elementor-element elementor-element-ea97dba e-con-full e-flex e-con e-child\" data-id=\"ea97dba\" data-element_type=\"container\">\n\t\t\t\t<div class=\"elementor-element elementor-element-394c72c elementor-widget elementor-widget-text-editor\" data-id=\"394c72c\" data-element_type=\"widget\" data-widget_type=\"text-editor.default\">\n\t\t\t\t<div class=\"elementor-widget-container\">\n\t\t\t\t\t\t\t\t\t<p style=\"text-align: center;\"><span style=\"color: #0000ff;\"><em>Mindfulness<\/em><em> \u00e8 l<\/em><em>a consapevolezza che sorge dal prestare attenzione, di proposito, al momento presente, in maniera non giudicante\u201d.<\/em><em>\u00a0<\/em><\/span><\/p><p style=\"text-align: center;\"><span style=\"color: #0000ff;\"><em>Jon<\/em><em>\u00a0<\/em><em>Kabat<\/em><em>&#8211;<\/em><em>Z<\/em><em>inn<\/em><\/span><\/p>\t\t\t\t\t\t\t\t<\/div>\n\t\t\t\t<\/div>\n\t\t\t\t<\/div>\n\t\t\t\t\t<\/div>\n\t\t\t\t<\/div>\n\t\t<div class=\"elementor-element elementor-element-8ed9db4 e-flex e-con-boxed e-con e-parent\" data-id=\"8ed9db4\" data-element_type=\"container\">\n\t\t\t\t\t<div class=\"e-con-inner\">\n\t\t\t\t<div class=\"elementor-element elementor-element-b7f8c6a elementor-widget elementor-widget-text-editor\" data-id=\"b7f8c6a\" data-element_type=\"widget\" data-widget_type=\"text-editor.default\">\n\t\t\t\t<div class=\"elementor-widget-container\">\n\t\t\t\t\t\t\t\t\t<p style=\"text-align: left;\"><span style=\"color: #000000;\">\u201cNon giudicante\u201d, nella definizione di cui sopra, non significa che non avremo alcun giudizio. Avrai un sacco di giudizi. L\u2019invito \u00e8 quello di sospendere\u00a0i giudizi e di discernere qualsiasi cosa stia sorgendo, nel modo pi\u00f9 imparziale possibile, riconoscendo allo stesso tempo, per quanto possibile,\u00a0ci\u00f2 che sorge nella tua mente (pensieri), nel tuo cuore (emozioni) e nel corpo\u00a0(percezioni), momento per momento,\u00a0con accoglienza e gentilezza. Questo ci aiuta a riconoscere i propri modelli automatici di reazione, quelli che utilizziamo, al di l\u00e0 della consapevolezza, soprattutto quando affrontiamo momenti stressanti e difficili per noi.<\/span><\/p><p style=\"text-align: left;\"><span style=\"color: #000000;\">Grazie a questo modo di \u201cfare amicizia\u201d con essi, attraverso la pratica continua, possiamo recuperare e vivere pienamente tutti i momenti della nostra vita: quelli buoni, quelli cattivi e anche quelli neutri. Possiamo smettere di aspettare che accada il prossimo evento, o che arrivi il prossimo momento, o che qualcosa migliori. Non si tratta mai di forzare un qualcosa, quindi. Al contrario, si tratta di un semplice invito alla gentilezza e alla pazienza con noi stessi, in qualunque momento.<\/span><\/p>\t\t\t\t\t\t\t\t<\/div>\n\t\t\t\t<\/div>\n\t\t\t\t\t<\/div>\n\t\t\t\t<\/div>\n\t\t<div class=\"elementor-element elementor-element-abaf3de e-flex e-con-boxed e-con e-parent\" data-id=\"abaf3de\" data-element_type=\"container\">\n\t\t\t\t\t<div class=\"e-con-inner\">\n\t\t<div class=\"elementor-element elementor-element-6f63309 e-con-full e-flex e-con e-child\" data-id=\"6f63309\" data-element_type=\"container\">\n\t\t\t\t<div class=\"elementor-element elementor-element-da257ca elementor-widget elementor-widget-image\" data-id=\"da257ca\" data-element_type=\"widget\" data-widget_type=\"image.default\">\n\t\t\t\t<div class=\"elementor-widget-container\">\n\t\t\t\t\t\t\t\t\t\t\t\t\t\t\t<img fetchpriority=\"high\" decoding=\"async\" width=\"300\" height=\"200\" src=\"https:\/\/www.mauracomo.it\/wp-content\/uploads\/2023\/11\/mt-sample-background-300x200.jpg\" class=\"attachment-medium size-medium wp-image-107\" alt=\"\" srcset=\"https:\/\/www.mauracomo.it\/wp-content\/uploads\/2023\/11\/mt-sample-background-300x200.jpg 300w, https:\/\/www.mauracomo.it\/wp-content\/uploads\/2023\/11\/mt-sample-background-1024x683.jpg 1024w, https:\/\/www.mauracomo.it\/wp-content\/uploads\/2023\/11\/mt-sample-background-768x512.jpg 768w, https:\/\/www.mauracomo.it\/wp-content\/uploads\/2023\/11\/mt-sample-background-1536x1024.jpg 1536w, https:\/\/www.mauracomo.it\/wp-content\/uploads\/2023\/11\/mt-sample-background.jpg 1920w\" sizes=\"(max-width: 300px) 100vw, 300px\" \/>\t\t\t\t\t\t\t\t\t\t\t\t\t\t\t<\/div>\n\t\t\t\t<\/div>\n\t\t\t\t<\/div>\n\t\t<div class=\"elementor-element elementor-element-045f038 e-con-full e-flex e-con e-child\" data-id=\"045f038\" data-element_type=\"container\">\n\t\t\t\t<div class=\"elementor-element elementor-element-7088271 elementor-widget elementor-widget-text-editor\" data-id=\"7088271\" data-element_type=\"widget\" data-widget_type=\"text-editor.default\">\n\t\t\t\t<div class=\"elementor-widget-container\">\n\t\t\t\t\t\t\t\t\t<p style=\"text-align: center;\"><em><span style=\"color: #0000ff;\">Si pu\u00f2 praticare la Mindfulness, sia come meditazione, che come stile di vita, portando attenzione consapevole a qualunque momento stiamo vivendo: mentre\u00a0camminiamo, laviamo i piatti, leggiamo\u2026\u00a0 <\/span><\/em><\/p>\t\t\t\t\t\t\t\t<\/div>\n\t\t\t\t<\/div>\n\t\t\t\t<\/div>\n\t\t<div class=\"elementor-element elementor-element-17bacaf e-con-full e-flex e-con e-child\" data-id=\"17bacaf\" data-element_type=\"container\">\n\t\t\t\t<div class=\"elementor-element elementor-element-d76ebb6 elementor-widget elementor-widget-text-editor\" data-id=\"d76ebb6\" data-element_type=\"widget\" data-widget_type=\"text-editor.default\">\n\t\t\t\t<div class=\"elementor-widget-container\">\n\t\t\t\t\t\t\t\t\t<p style=\"text-align: center;\"><span style=\"color: #000000;\"><strong>Cosa non \u00e8 <\/strong><strong>la <\/strong><strong>Mindfulness<\/strong>.\u00a0\u00a0<\/span><\/p><p><span style=\"color: #000000;\">Molti pensano che si tratti di: 1) cercare in qualche modo di svuotare completamente la mente, spegnendo il pensiero, 2) sopprimere le emozioni, 3) raggiungere uno stato di beatitudine. La meditazione non \u00e8 nessuna di queste cose. In realt\u00e0, non stiamo cercando di raggiungere nessuno stato particolare. Piuttosto, ci abbandoniamo alla nostra esperienza cos\u00ec com\u2019\u00e8, abbracciandola nella consapevolezza, senza cercare di cambiarla in alcun modo. Riconosciamo i nostri pensieri come pensieri, e non come la verit\u00e0 delle cose, e le nostre emozioni come emozioni &#8211; esperienze da cui possiamo imparare, compreso il modo in cui si esprimono, sia nel corpo che nella mente. E possiamo farlo soltanto se accogliamo semplicemente ci\u00f2 che accade in un dato momento<\/span><\/p>\t\t\t\t\t\t\t\t<\/div>\n\t\t\t\t<\/div>\n\t\t\t\t<\/div>\n\t\t\t\t\t<\/div>\n\t\t\t\t<\/div>\n\t\t<div class=\"elementor-element elementor-element-22d8b9c e-flex e-con-boxed e-con e-parent\" data-id=\"22d8b9c\" data-element_type=\"container\">\n\t\t\t\t\t<div class=\"e-con-inner\">\n\t\t\t\t<div class=\"elementor-element elementor-element-67f8a0e elementor-widget elementor-widget-text-editor\" data-id=\"67f8a0e\" data-element_type=\"widget\" data-widget_type=\"text-editor.default\">\n\t\t\t\t<div class=\"elementor-widget-container\">\n\t\t\t\t\t\t\t\t\t<h4 style=\"text-align: center;\"><span style=\"color: #0000ff;\"><em>\u201cDieci anni fa, mi sono voltato per un attimo<\/em><em>, ed \u00e8 diventata la mia vita\u201d<\/em><\/span><\/h4><p style=\"text-align: center;\"><span style=\"color: #0000ff;\"><em>(<\/em><em>commento di un partecipante a un seminario aziendale con il poeta David <\/em><em>Whyte<\/em><em>)<\/em><\/span><\/p>\t\t\t\t\t\t\t\t<\/div>\n\t\t\t\t<\/div>\n\t\t\t\t\t<\/div>\n\t\t\t\t<\/div>\n\t\t\t\t<\/div>\n\t\t","protected":false},"excerpt":{"rendered":"<p>COS&#8217;\u00c8 LA MINDFULNESS La Mindfulness \u00e8 una forma laica della meditazione di consapevolezza, che deriva dalle antiche tradizioni buddiste orientali.\u00a0 Mindfulness si riferisce alla capacit\u00e0 umana di essere attenti alla propria esperienza con saggezza, una capacit\u00e0 che tutti abbiamo, occorre solo ritrovarla. E coltivarla. Mindfulness \u00e8 la consapevolezza che sorge dal prestare attenzione, di proposito, [&hellip;]<\/p>\n","protected":false},"author":1,"featured_media":0,"parent":0,"menu_order":0,"comment_status":"closed","ping_status":"closed","template":"","meta":{"footnotes":""},"_links":{"self":[{"href":"https:\/\/www.mauracomo.it\/index.php\/wp-json\/wp\/v2\/pages\/12"}],"collection":[{"href":"https:\/\/www.mauracomo.it\/index.php\/wp-json\/wp\/v2\/pages"}],"about":[{"href":"https:\/\/www.mauracomo.it\/index.php\/wp-json\/wp\/v2\/types\/page"}],"author":[{"embeddable":true,"href":"https:\/\/www.mauracomo.it\/index.php\/wp-json\/wp\/v2\/users\/1"}],"replies":[{"embeddable":true,"href":"https:\/\/www.mauracomo.it\/index.php\/wp-json\/wp\/v2\/comments?post=12"}],"version-history":[{"count":5,"href":"https:\/\/www.mauracomo.it\/index.php\/wp-json\/wp\/v2\/pages\/12\/revisions"}],"predecessor-version":[{"id":129,"href":"https:\/\/www.mauracomo.it\/index.php\/wp-json\/wp\/v2\/pages\/12\/revisions\/129"}],"wp:attachment":[{"href":"https:\/\/www.mauracomo.it\/index.php\/wp-json\/wp\/v2\/media?parent=12"}],"curies":[{"name":"wp","href":"https:\/\/api.w.org\/{rel}","templated":true}]}}

<div data-elementor-type="wp-page" data-elementor-id="12" class="elementor elementor-12">
				<div class="elementor-element elementor-element-1b28df8 e-flex e-con-boxed e-con e-parent" data-id="1b28df8" data-element_type="container">
					<div class="e-con-inner">
				<div class="elementor-element elementor-element-114d346 elementor-widget-divider--view-line_text elementor-widget-divider--element-align-center elementor-widget elementor-widget-divider" data-id="114d346" data-element_type="widget" data-widget_type="divider.default">
				<div class="elementor-widget-container">
							<div class="elementor-divider">
			<span class="elementor-divider-separator">
							<h3 class="elementor-divider__text elementor-divider__element">
				COS'È LA MINDFULNESS				</h3>
						</span>
		</div>
						</div>
				</div>
					</div>
				</div>
		<div class="elementor-element elementor-element-08cc632 e-flex e-con-boxed e-con e-parent" data-id="08cc632" data-element_type="container">
					<div class="e-con-inner">
		<div class="elementor-element elementor-element-34d5fdc e-con-full e-flex e-con e-child" data-id="34d5fdc" data-element_type="container">
				<div class="elementor-element elementor-element-2b793bc elementor-widget elementor-widget-text-editor" data-id="2b793bc" data-element_type="widget" data-widget_type="text-editor.default">
				<div class="elementor-widget-container">
									<p style="text-align: justify;"><span style="color: #000000;">La Mindfulness è una forma laica della meditazione di consapevolezza, che deriva dalle antiche tradizioni buddiste orientali.  Mindfulness si riferisce alla capacità umana di essere attenti alla propria esperienza con saggezza, una capacità che tutti abbiamo, occorre solo ritrovarla. E coltivarla.</span></p>								</div>
				</div>
				</div>
		<div class="elementor-element elementor-element-ea97dba e-con-full e-flex e-con e-child" data-id="ea97dba" data-element_type="container">
				<div class="elementor-element elementor-element-394c72c elementor-widget elementor-widget-text-editor" data-id="394c72c" data-element_type="widget" data-widget_type="text-editor.default">
				<div class="elementor-widget-container">
									<p style="text-align: center;"><span style="color: #0000ff;"><em>Mindfulness</em><em> è l</em><em>a consapevolezza che sorge dal prestare attenzione, di proposito, al momento presente, in maniera non giudicante”.</em><em> </em></span></p><p style="text-align: center;"><span style="color: #0000ff;"><em>Jon</em><em> </em><em>Kabat</em><em>&#8211;</em><em>Z</em><em>inn</em></span></p>								</div>
				</div>
				</div>
					</div>
				</div>
		<div class="elementor-element elementor-element-8ed9db4 e-flex e-con-boxed e-con e-parent" data-id="8ed9db4" data-element_type="container">
					<div class="e-con-inner">
				<div class="elementor-element elementor-element-b7f8c6a elementor-widget elementor-widget-text-editor" data-id="b7f8c6a" data-element_type="widget" data-widget_type="text-editor.default">
				<div class="elementor-widget-container">
									<p style="text-align: left;"><span style="color: #000000;">“Non giudicante”, nella definizione di cui sopra, non significa che non avremo alcun giudizio. Avrai un sacco di giudizi. L’invito è quello di sospendere i giudizi e di discernere qualsiasi cosa stia sorgendo, nel modo più imparziale possibile, riconoscendo allo stesso tempo, per quanto possibile, ciò che sorge nella tua mente (pensieri), nel tuo cuore (emozioni) e nel corpo (percezioni), momento per momento, con accoglienza e gentilezza. Questo ci aiuta a riconoscere i propri modelli automatici di reazione, quelli che utilizziamo, al di là della consapevolezza, soprattutto quando affrontiamo momenti stressanti e difficili per noi.</span></p><p style="text-align: left;"><span style="color: #000000;">Grazie a questo modo di “fare amicizia” con essi, attraverso la pratica continua, possiamo recuperare e vivere pienamente tutti i momenti della nostra vita: quelli buoni, quelli cattivi e anche quelli neutri. Possiamo smettere di aspettare che accada il prossimo evento, o che arrivi il prossimo momento, o che qualcosa migliori. Non si tratta mai di forzare un qualcosa, quindi. Al contrario, si tratta di un semplice invito alla gentilezza e alla pazienza con noi stessi, in qualunque momento.</span></p>								</div>
				</div>
					</div>
				</div>
		<div class="elementor-element elementor-element-abaf3de e-flex e-con-boxed e-con e-parent" data-id="abaf3de" data-element_type="container">
					<div class="e-con-inner">
		<div class="elementor-element elementor-element-6f63309 e-con-full e-flex e-con e-child" data-id="6f63309" data-element_type="container">
				<div class="elementor-element elementor-element-da257ca elementor-widget elementor-widget-image" data-id="da257ca" data-element_type="widget" data-widget_type="image.default">
				<div class="elementor-widget-container">
															<img fetchpriority="high" decoding="async" width="300" height="200" src="https://www.mauracomo.it/wp-content/uploads/2023/11/mt-sample-background-300x200.jpg" class="attachment-medium size-medium wp-image-107" alt="" srcset="https://www.mauracomo.it/wp-content/uploads/2023/11/mt-sample-background-300x200.jpg 300w, https://www.mauracomo.it/wp-content/uploads/2023/11/mt-sample-background-1024x683.jpg 1024w, https://www.mauracomo.it/wp-content/uploads/2023/11/mt-sample-background-768x512.jpg 768w, https://www.mauracomo.it/wp-content/uploads/2023/11/mt-sample-background-1536x1024.jpg 1536w, https://www.mauracomo.it/wp-content/uploads/2023/11/mt-sample-background.jpg 1920w" sizes="(max-width: 300px) 100vw, 300px" />															</div>
				</div>
				</div>
		<div class="elementor-element elementor-element-045f038 e-con-full e-flex e-con e-child" data-id="045f038" data-element_type="container">
				<div class="elementor-element elementor-element-7088271 elementor-widget elementor-widget-text-editor" data-id="7088271" data-element_type="widget" data-widget_type="text-editor.default">
				<div class="elementor-widget-container">
									<p style="text-align: center;"><em><span style="color: #0000ff;">Si può praticare la Mindfulness, sia come meditazione, che come stile di vita, portando attenzione consapevole a qualunque momento stiamo vivendo: mentre camminiamo, laviamo i piatti, leggiamo…  </span></em></p>								</div>
				</div>
				</div>
		<div class="elementor-element elementor-element-17bacaf e-con-full e-flex e-con e-child" data-id="17bacaf" data-element_type="container">
				<div class="elementor-element elementor-element-d76ebb6 elementor-widget elementor-widget-text-editor" data-id="d76ebb6" data-element_type="widget" data-widget_type="text-editor.default">
				<div class="elementor-widget-container">
									<p style="text-align: center;"><span style="color: #000000;"><strong>Cosa non è </strong><strong>la </strong><strong>Mindfulness</strong>.  </span></p><p><span style="color: #000000;">Molti pensano che si tratti di: 1) cercare in qualche modo di svuotare completamente la mente, spegnendo il pensiero, 2) sopprimere le emozioni, 3) raggiungere uno stato di beatitudine. La meditazione non è nessuna di queste cose. In realtà, non stiamo cercando di raggiungere nessuno stato particolare. Piuttosto, ci abbandoniamo alla nostra esperienza così com’è, abbracciandola nella consapevolezza, senza cercare di cambiarla in alcun modo. Riconosciamo i nostri pensieri come pensieri, e non come la verità delle cose, e le nostre emozioni come emozioni &#8211; esperienze da cui possiamo imparare, compreso il modo in cui si esprimono, sia nel corpo che nella mente. E possiamo farlo soltanto se accogliamo semplicemente ciò che accade in un dato momento</span></p>								</div>
				</div>
				</div>
					</div>
				</div>
		<div class="elementor-element elementor-element-22d8b9c e-flex e-con-boxed e-con e-parent" data-id="22d8b9c" data-element_type="container">
					<div class="e-con-inner">
				<div class="elementor-element elementor-element-67f8a0e elementor-widget elementor-widget-text-editor" data-id="67f8a0e" data-element_type="widget" data-widget_type="text-editor.default">
				<div class="elementor-widget-container">
									<h4 style="text-align: center;"><span style="color: #0000ff;"><em>“Dieci anni fa, mi sono voltato per un attimo</em><em>, ed è diventata la mia vita”</em></span></h4><p style="text-align: center;"><span style="color: #0000ff;"><em>(</em><em>commento di un partecipante a un seminario aziendale con il poeta David </em><em>Whyte</em><em>)</em></span></p>								</div>
				</div>
					</div>
				</div>
				</div>

<p>COS&#8217;È LA MINDFULNESS La Mindfulness è una forma laica della meditazione di consapevolezza, che deriva dalle antiche tradizioni buddiste orientali.  Mindfulness si riferisce alla capacità umana di essere attenti alla propria esperienza con saggezza, una capacità che tutti abbiamo, occorre solo ritrovarla. E coltivarla. Mindfulness è la consapevolezza che sorge dal prestare attenzione, di proposito, [&hellip;]</p>
